
Is 1516737 a multiple of 129?
False
Does 238 divide 30226?
True
Does 28 divide 198996?
True
Is 202 a factor of 529677?
False
Does 343 divide 100842?
True
Is 119329 a multiple of 7?
True
Is 63 a factor of 4357080?
True
Is 6 a factor of 338184?
True
Does 515 divide 1138289?
False
Does 69 divide 761139?
True
Is 7129070 a multiple of 610?
True
Is 190 a factor of 17252632?
False
Does 4 divide 185675?
False
Is 126191 a multiple of 69?
False
Is 18 a factor of 221138?
False
Is 32 a factor of 21566?
False
Is 29 a factor of 10820?
False
Is 8364 a multiple of 123?
True
Does 1071 divide 157788?
False
Does 94 divide 360123?
False
Does 10 divide 3200?
True
Does 57 divide 1237242?
True
Is 305 a factor of 1484435?
True
Is 47 a factor of 198821?
False
Does 48 divide 222480?
True
Does 33 divide 24387?
True
Is 123754 a multiple of 172?
False
Is 418602 a multiple of 446?
False
Is 55 a factor of 152845?
True
Is 236352 a multiple of 24?
True
Does 8 divide 940105?
False
Is 8425178 a multiple of 96?
False
Is 530 a factor of 452620?
True
Is 275940 a multiple of 73?
True
Does 12 divide 317026?
False
Is 92 a factor of 477612?
False
Does 33 divide 71853?
False
Is 109375 a multiple of 135?
False
Is 11944736 a multiple of 62?
False
Is 21126 a multiple of 14?
True
Does 7 divide 10221272?
False
Is 32284 a multiple of 28?
True
Is 812348 a multiple of 29?
True
Is 1854 a multiple of 19?
False
Is 217455 a multiple of 201?
False
Does 24 divide 177288?
True
Is 4765448 a multiple of 1492?
True
Is 120 a factor of 8656303?
False
Does 3 divide 66211?
False
Is 1494 a multiple of 36?
False
Is 78338 a multiple of 26?
True
Does 20 divide 25800?
True
Is 317444 a multiple of 11?
False
Is 152256 a multiple of 52?
True
Is 25 a factor of 3877135?
False
Is 75 a factor of 160575?
True
Is 1523098 a multiple of 759?
False
Is 1030568 a multiple of 7?
True
Is 155 a factor of 25047535?
True
Is 405132 a multiple of 588?
True
Is 15 a factor of 10725?
True
Is 549 a factor of 80789?
False
Does 115 divide 4259875?
False
Does 53 divide 1337773?
True
Does 642 divide 654840?
True
Does 290 divide 18336084?
False
Is 542246 a multiple of 18?
False
Is 127 a factor of 1379220?
True
Does 25 divide 9804205?
False
Is 9 a factor of 6371?
False
Is 122 a factor of 14465296?
True
Is 31 a factor of 9424?
True
Is 524880 a multiple of 18?
True
Is 2139563 a multiple of 8?
False
Is 1703003 a multiple of 38?
False
Is 4569203 a multiple of 40?
False
Is 70 a factor of 2194430?
True
Is 9 a factor of 9123?
False
Is 31 a factor of 126532?
False
Is 256 a factor of 180954?
False
Does 8 divide 209410?
False
Is 3763760 a multiple of 611?
True
Does 128 divide 115794?
False
Is 544920 a multiple of 478?
True
Is 4080404 a multiple of 404?
False
Is 17 a factor of 974202?
True
Does 34 divide 4961450?
True
Is 87 a factor of 279118?
False
Does 60 divide 9000?
True
Is 95497 a multiple of 37?
True
Does 199 divide 60299?
False
Is 737831 a multiple of 31?
True
Is 463645 a multiple of 65?
True
Is 172493 a multiple of 32?
False
Is 23656 a multiple of 8?
True
Is 37520 a multiple of 12?
False
Does 2651 divide 12960141?
False
Is 6 a factor of 233496?
True
Does 171 divide 643373?
False
Is 19 a factor of 76398?
False
Is 693960 a multiple of 8?
True
Is 8 a factor of 63200?
True
Does 402 divide 905117?
False
Does 92 divide 494027?
False
Is 2908543 a multiple of 79?
True
Is 19 a factor of 1533965?
True
Is 12 a factor of 24576?
True
Is 55344 a multiple of 9?
False
Does 17 divide 79713?
True
Does 109 divide 50467?
True
Is 17 a factor of 280992?
False
Does 8 divide 12841?
False
Is 6 a factor of 17658?
True
Is 229372 a multiple of 22?
True
Is 721760 a multiple of 65?
True
Does 66 divide 8923257?
False
Does 14 divide 2875111?
False
Does 6 divide 1290?
True
Does 75 divide 81661?
False
Does 17 divide 2026114?
False
Is 16 a factor of 2278848?
True
Is 218 a factor of 249231?
False
Is 10770980 a multiple of 1395?
False
Does 1191 divide 5502420?
True
Is 40 a factor of 164679?
False
Is 13 a factor of 2455143?
False
Does 21 divide 11193?
True
Does 10 divide 1272502?
False
Is 6 a factor of 901098?
True
Is 734 a factor of 1457724?
True
Is 566229 a multiple of 1091?
True
Is 2110724 a multiple of 1246?
True
Is 222241 a multiple of 8?
False
Is 1747923 a multiple of 3?
True
Is 38 a factor of 14622?
False
Is 215 a factor of 84710?
True
Is 48 a factor of 5576427?
False
Does 1074 divide 5671794?
True
Is 23 a factor of 13648936?
True
Does 7 divide 581294?
True
Is 3 a factor of 657992?
False
Does 107 divide 179332?
True
Is 962088 a multiple of 24?
True
Does 12 divide 350214?
False
Is 254 a factor of 331172?
False
Is 2691198 a multiple of 27?
True
Is 10 a factor of 378272?
False
Is 2208560 a multiple of 152?
True
Is 990444 a multiple of 39?
True
Is 19 a factor of 173393?
False
Is 4564316 a multiple of 125?
False
Does 1650 divide 22915200?
True
Is 28 a factor of 6141184?
True
Is 1384290 a multiple of 270?
True
Is 516516 a multiple of 375?
False
Is 14 a factor of 9817515?
False
Does 66 divide 39600?
True
Is 32 a factor of 925984?
True
Is 6303409 a multiple of 653?
True
Is 2029246 a multiple of 27?
False
Is 195210 a multiple of 9?
True
Is 296185 a multiple of 3?
False
Is 39180 a multiple of 3?
True
Is 169 a factor of 1342367?
True
Is 116 a factor of 2561860?
True
Does 19 divide 162795?
False
Does 38 divide 144476?
True
Is 285931 a multiple of 35?
False
Is 234 a factor of 275023?
False
Does 2 divide 3721?
False
Does 3 divide 149713?
False
Is 23157 a multiple of 93?
True
Does 34 divide 2114868?
True
Does 876 divide 303260?
False
Is 46 a factor of 2290340?
True
Is 40 a factor of 487760?
True
Is 288 a factor of 1670143?
False
Is 90072 a multiple of 417?
True
Does 158 divide 11827248?
True
Is 1264 a factor of 9668336?
True
Is 913796 a multiple of 2?
True
Is 60600 a multiple of 60?
True
Does 28 divide 1030496?
False
Is 1319773 a multiple of 78?
False
Is 13 a factor of 10245619?
False
Is 284647 a multiple of 352?
False
Does 69 divide 212279?
False
Is 29497 a multiple of 20?
False
Is 413 a factor of 201544?
True
Does 101 divide 241996?
True
Is 8423587 a multiple of 887?
False
Is 14974674 a multiple of 1023?
True
Does 1075 divide 4771925?
True
Is 16640176 a multiple of 28?
True
Does 107 divide 1091857?
False
Does 18 divide 2711271?
False
Is 89 a factor of 2619329?
False
Is 22380 a multiple of 2?
True
Does 12 divide 203598?
False
Does 196 divide 379456?
True
Does 29 divide 425952?
True
Does 7 divide 1269841?
False
Is 327 a factor of 16571706?
True
Does 297 divide 29797416?
True
Is 36 a factor of 452257?
False
Is 3 a factor of 5524259?
False
Is 274065 a multiple of 33?
True
Is 74511 a multiple of 82?
False
Is 10 a factor of 45440?
True
Does 286 divide 226929?
False
Is 67 a factor of 2508253?
False
Is 60 a factor of 447180?
True
Does 26 divide 10040394?
True
Does 8 divide 106883?
False
Is 162 a factor of 230202?
True
Is 9 a factor of 258975?
True
Is 1101508 a multiple of 4?
True
Is 38 a factor of 4944706?
False
Is 32 a factor of 7142674?
False
Does 13 divide 86385?
True
Is 181585 a multiple of 23?
True
Is 23 a factor of 844169?
True
Is 17 a factor of 100682?
False
Does 48 divide 32304?
True
Does 311 divide 3302820?
True
Is 42 a factor of 2007768?
True
Is 67560 a multiple of 51?
False
Is 108635 a multiple of 12?
False
Is 424612 a multiple of 38?
True
Does 6 divide 805476?
True
Does 155 divide 257610?
True
Is 26 a factor of 703966?
False
Is 306 a factor of 422280?
True
Does 352 divide 256015?
False
Is 363 a factor of 4532088?
False
Is 180 a factor of 1393512?
False
Is 43 a factor of 81393?
False
Is 23 a factor of 3412556?
True
Does 23 divide 858379?
False
Does 324 divide 179229?
False
Does 55 divide 1362900?
True
Is 3420544 a multiple of 2?
True
Does 59 divide 79001?
True
Is 2412488 a multiple of 19?
False
Does 348 divide 3093801?
False
Is 370 a factor of 203500?
True
Is 1386 a factor of 11288744?
False
Does 16 divide 452208?
True
Does 17 divide 499968?
False
Is 17 a factor of 62747?
True
Does 74 divide 757834?
True
Is 5150805 a multiple of 27?
False
Is 57816 a multiple of 6?
True
Is 255 a factor of 262252?
False
Does 184 divide 491951?
False
Is 56 a factor of 402869?
False
Does 21 divide 78918?
True
Is 177 a factor of 117584?
False
Does 152 divide 8150470?
False
Is 147 a factor of 8673?
Tru